. Suppose -4*k + k + y = 0. What are the prime factors of k?
3
Suppose -4 - 302 = 3*l. List the prime factors of (l/(-4))/((-27)/(-36)).
2, 17
Let c be (0 - (-9)/(-6))*-2. Suppose c*d - 4*d = -13. What are the prime factors of d?
13
Let c be (1 + -7)*(-1)/2. Suppose -2*l + 6 = c*n, -5*n + 11 = l + 2*l. List the prime factors of (0 - 1)/(l/6).
2
Let o(j) = j + 1. Let d be o(-2). Let x be d/(-1 + -2 + 2). What are the prime factors of (12 - x) + (-5 - -3)?
3
Let k = -537 + 774. List the prime factors of k.
3, 79
Let c(a) = a**3 - a - 2. Suppose -17 = -2*z + 15. Let t be (-14)/(-8) + 4/z. What are the prime factors of c(t)?
2
Let n = 18 - 13. Suppose -n*q = -3*k - 161 + 51, 0 = 5*k + 2*q + 235. What are the prime factors of (-1)/(-2) - k/6?
2
Let c = 18 - -15. List the prime factors of c.
3, 11
Suppose a = -8 + 149. What are the prime factors of a?
3, 47
Let j(x) = -x**3 - 4*x**2 - 2*x + 4. List the prime factors of j(-5).
3, 13
Let c = -4 + 5. Let j(z) = 2 - 3*z + 2*z - 4 + c. What are the prime factors of j(-7)?
2, 3
Let f(q) = 4*q + 4. List the prime factors of f(3).
2
Let n be (-2)/(-4) - 2/(-4). Let u = 3 - n. What are the prime factors of 14/2 - -3 - u?
2
Let z(k) = 3*k + 0 + 3 + 2*k. What are the prime factors of z(3)?
2, 3
Let a = -6 - -11. What are the prime factors of a?
5
Suppose z = -0*k + 3*k - 99, 3*z + 132 = 4*k. Let g = k - 23. What are the prime factors of 6/(-15) + 104/g?
2, 5
Let j(s) = s**2 - 2*s - 3. Let q be j(3). Let r be 0 + 0 - q - -11. Suppose -r = -3*n + 25. List the prime factors of n.
2, 3
Let m = -27 + 5. Let b = m - -40. Suppose -3*v + b = j, 0*j - 2*v = -j - 7. List the prime factors of j.
3
List the prime factors of (-1020)/(-42) - (-4)/(-14).
2, 3
Let h = 134 - 93. Let a(u) = -u - 3. Let n be a(-5). Suppose n*j - 14 = 4*p, p = -3*j - 3*p + h. List the prime factors of j.
11
Let m = 5 - 1. Suppose -2*p + 26 + 18 = -5*f, -3*p = m*f - 20. Let r = p + -5. What are the prime factors of r?
7
Let r = 10 + -8. Suppose -5*w + 3*q = -100, r*w + q + 0*q - 29 = 0. List the prime factors of w.
17
Let l be (-21)/(-12) + (-6)/8. List the prime factors of (8/l)/(2/1).
2
Suppose -6*a - 26 = -8*a. What are the prime factors of a?
13
Let v(b) = 8*b**2 + 2*b - 2*b**3 + 3 + b**2 - b**2 + b**3. What are the prime factors of v(8)?
19
Let n = 4 + -2. Let a = n + 3. List the prime factors of a.
5
Let t(z) = -10*z**3 - 3*z**2 - z + 3. List the prime factors of t(-2).
73
Suppose 24*d = 27*d - 108. What are the prime factors of d?
2, 3
Let v = 136 - 92. What are the prime factors of v?
2, 11
List the prime factors of 1/(-2) + (-652)/(-8).
3
Let f(p) = -p. Let v be (-2)/(-3)*(-4 + 7). Suppose -2*x - 18 + v = 0. List the prime factors of f(x).
2
Let d = -48 + 224. What are the prime factors of d?
2, 11
Let k(a) = 233*a**3 - 2*a**2 - 2*a + 3. List the prime factors of k(1).
2, 29
Suppose -4*a + a - 4*p + 57 = 0, 0 = -4*p + 12. Let w = -10 + a. List the prime factors of w.
5
What are the prime factors of (3 - (-56)/(-2))/(-1)?
5
Let p(v) = 2*v + 85. List the prime factors of p(0).
5, 17
Let p = -21 + 12. Let d = 21 + p. List the prime factors of d.
2, 3
Let q(f) = 2*f**2 + 3*f - 11. List the prime factors of q(-5).
2, 3
Suppose 732 = 3*z + 3*z. What are the prime factors of z?
2, 61
Let g(x) = 3*x**3 + 3 - 10*x**2 - 4*x**3 - x**3 + 3*x**3. List the prime factors of g(10).
3
Suppose -5*i + i = -4*b - 4, 0 = 2*i + 4. Suppose 0 = 2*y + 3 + 11. Let m = b - y. List the prime factors of m.
2
Suppose -2*k = -8*k + 48. Suppose -17 = 3*d - 0*p - p, 3*d - 5*p + 25 = 0. Let v = d + k. List the prime factors of v.
3
Let d be 3/2 - (-3)/(-2). Suppose d*v + 3*t - 126 = -5*v, -t = v - 26. List the prime factors of v.
2, 3
Let s = 3 + -1. Let r be (s/(-4))/(9/(-324)). Suppose r = z + z. What are the prime factors of z?
3
Let u be ((-16)/20)/((-2)/10). Suppose -h = u*h + f - 44, 2*f - 24 = -2*h. What are the prime factors of h?
2
Let h = 58 - 37. Suppose 0 = -3*k + 3*s + h, k + 2*s = -3*k + 22. What are the prime factors of (-9)/(k/(-8) + 0)?
2, 3
List the prime factors of 14 + 63 + (2 - -1).
2, 5
Let n(b) = b - 4. Let x be n(3). What are the prime factors of ((-6)/(-9))/x*-12?
2
Suppose -72 = -4*n + 252. Suppose 0 = -5*j + n + 109. List the prime factors of j.
2, 19
Let q be (-4)/(-4) + 0 + 1. Let b be 6/27 + 2/(-9). Let d = q - b. What are the prime factors of d?
2
Let o(j) = j - 1. Let y be o(1). Suppose 3*a - 33 + 6 = y. List the prime factors of a.
3
Suppose -4*r - 5*j - 1 = 0, 2*j + 28 = 5*r - 2*r. Suppose -3*l = -l - r. Suppose -v + 2*v = -b + 14, -14 = -l*b + 4*v. What are the prime factors of b?
2, 5
Let w(q) = -q**3 + 8*q**2 - 7*q - 1. Let s be w(5). What are the prime factors of (-2 + 28/12)*s?
13
Let v be -2*((-7)/2 + 1). Suppose 8*n = v*n + 57. Let o = n + -10. List the prime factors of o.
3
Let b(n) = n**3 + 4*n**2 - 3*n - 4. Let d be b(-4). Let a = -5 + d. What are the prime factors of a?
3
List the prime factors of (-8 - -5)*(448/(-3))/2.
2, 7
What are the prime factors of (-1)/((-5)/(1775/5))?
71
Suppose -5*x + 199 = -2*n + 54, 5*n - x + 305 = 0. Let u = -7 - n. List the prime factors of u.
53
Let i = -236 + 414. List the prime factors of i.
2, 89
What are the prime factors of (-4)/(-14) + (-262)/(-14)?
19
Let p(c) be the third derivative of c**5/60 - c**4/8 + c**3/3 + 3*c**2. Let s be p(3). Suppose 0*i = -s*i + 26. List the prime factors of i.
13
What are the prime factors of ((-84)/126)/(4/(-1614) + 0)?
269
What are the prime factors of (-33)/(-18)*-2*-3?
11
Let h be (1/(-1) + 1)/1. Suppose 5*b + 86 - 301 = h. Let p = 60 - b. List the prime factors of p.
17
Suppose 1 = -4*i + 13. Let r = -21 - -39. Suppose 3*s = u - r, -2 = -3*u - 2*s - i. List the prime factors of u.
3
Suppose 11*k + 192 = 17*k. What are the prime factors of k?
2
Let b = 56 + -25. What are the prime factors of b?
31
Suppose -3*g + 8 = g. Suppose 3*x + 3*h - 55 = -g*x, -4*x = 3*h - 44. What are the prime factors of x?
11
Suppose 4*n - 2 + 0 = -2*v, n + 27 = 5*v. Suppose v*j - 32 = 3*j. What are the prime factors of j?
2
Suppose 6*i = 2*i + 8. Suppose 2*x = -i*x - 52. Let u = -4 - x. What are the prime factors of u?
3
What are the prime factors of (3 - 2) + 1 - (-79 - 1)?
2, 41
Let i(v) = 5 - 3*v**2 - 7*v**2 - 3*v**3 + 2*v**2 + 2*v**3. List the prime factors of i(-8).
5
Suppose -3*y - c = -757, 0*y - 5*c - 279 = -y. What are the prime factors of y?
2, 127
List the prime factors of 1821/7 - 30/210.
2, 5, 13
Suppose -4*d - 45 = 5*f, -3*f = 3*d - 5*f + 28. Let t = d + 22. List the prime factors of t.
2, 3
Let i(f) = 11*f + 2. Let z be i(2). Suppose w - 5*w = m - 18, -2*m = 5*w - z. List the prime factors of w.
2
Let k(x) = x + 45. Let p be k(0). Suppose -v = -4*t - 2, v = 4*v + t - p. List the prime factors of v.
2, 7
Let r = 8 + -2. Let f(v) = v - 4. What are the prime factors of f(r)?
2
Let j(d) = 5*d**2 + 6 - 7*d + d**3 + 5*d - 2*d**3. What are the prime factors of j(4)?
2, 7
Let k = 65 - 25. What are the prime factors of k?
2, 5
Suppose 2*l - 3 = 3. Suppose -2*w + 20 = l*o, -3*o = -o + 5*w - 28. Suppose 2*v + 5*p = 13 - o, 2*p = -6. List the prime factors of v.
2, 3
Let f(s) = s**3 - 5*s**2 + 3*s - 1. Let c = 76 + -23. Suppose o + 7 = -3*d, -5*o + c = -4*d + 12. List the prime factors of f(o).
2, 7
List the prime factors of 5*5/(-5) + 25.
2, 5
Let k be (3 + 0)/(6/56). Suppose x + x = k. What are the prime factors of x?
2, 7
Suppose 2*i - 15 = -5*o, 7*o - 2*o + 4*i = 15. Suppose o*f = -13 + 55. List the prime factors of f.
2, 7
Let h be (7 + -3)*14/8. Let v = h + -1. What are the prime factors of 2 + 8/6*v?
2, 5
Let k = -3 - -27. What are the prime factors of -4 + 2 - k/(-2)?
2, 5
Let f(t) = -41*t - 1. List the prime factors of f(-1).
2, 5
Let v(z) = -z - 3. Let c be v(-6). Suppose 0 = c*b - 5*b + 26. List the prime factors of b.
13
Suppose 0 = -0*o - 4*o + 16. List the prime factors of -8*(-2)/o - -1.
5
Let f be 13 + 0 + 2 + -1. Suppose -2*j - f = -4*j. Suppose 0 = -2*l - 4*r + 36, -r = 4*l - j*l + 19. What are the prime factors of l?
2
Let a(d) = d**2 + 6*d - 1. Let i be a(-6). List the prime factors of 0 + i + 532/14.
37
Let f = 428 - 62. List the prime factors of f.
2, 3, 61
Let g(d) = d - 4. Let b be g(8). Let p be 1/2 + (-6)/(-4). Suppose 3*o - 8 = -j, p*o - b = -2*